{"id":2,"date":"2023-07-15T22:54:05","date_gmt":"2023-07-15T22:54:05","guid":{"rendered":"http:\/\/www.studiomahdollistus.fi\/?page_id=2"},"modified":"2025-11-04T13:46:18","modified_gmt":"2025-11-04T11:46:18","slug":"studio-mahdollistuksen-sivusto-on-muotoutumassa","status":"publish","type":"page","link":"http:\/\/www.studiomahdollistus.fi\/","title":{"rendered":"Mahdollisuuksien tila"},"content":{"rendered":"\n<p>Studio Mahdollistus syntyi toiveestani voida tukea ihmisi\u00e4 el\u00e4m\u00e4n eri vaiheissa, erityisesti silloin, kun haasteet, rajoitteet tai ep\u00e4varmuus tuntuvat peitt\u00e4v\u00e4n n\u00e4kyvist\u00e4 sen, mik\u00e4 voisi olla mahdollista. Sivusto tarjoaa tietoa, kokemuksia ja konkreettista tukea, jotka auttavat rakentamaan omann\u00e4k\u00f6ist\u00e4, merkityksellist\u00e4 el\u00e4m\u00e4\u00e4 ja ty\u00f6t\u00e4. Se on kuin el\u00e4m\u00e4 itse, kasvava ja muuntuva kokonaisuus ja sin\u00e4 olet tervetullut osaksi t\u00e4t\u00e4 tilaa!<\/p>\n\n\n\n<p>Studio Mahdollistus on yht\u00e4 aikaa konkreettinen yritys, henkil\u00f6kohtainen projekti, yhteis\u00f6n verso sek\u00e4 unelma. Taustalla on monialainen asiantuntemus, tutkimuksellinen uteliaisuus ja el\u00e4m\u00e4nkokemus, jotka yhdistyv\u00e4t k\u00e4yt\u00e4nn\u00f6nl\u00e4heiseksi sis\u00e4ll\u00f6ksi. Studio Mahdollistus tuo ty\u00f6el\u00e4m\u00e4yhteyteen hyvinvointiteknologian, koulutuksen, saavutettavuuden, sosiaalisen oikeudenmukaisuuden ja palvelumuotoilun n\u00e4k\u00f6kulmia. Ennen kaikkea haluan kuitenkin kasvattaa inhimillist\u00e4 ymm\u00e4rryst\u00e4 siit\u00e4, mit\u00e4 on el\u00e4\u00e4 mukautusten ja haasteiden kanssa, kuitenkin mahdollisuuksia etsien.<\/p>\n\n\n\n<p>Toiveenani on, ett\u00e4 t\u00e4m\u00e4 tila kasvaa kohti yhteis\u00f6\u00e4, jossa jaetaan tarinoita, opitaan yhdess\u00e4 ja tuetaan toisiamme. Haaveenani on, ett\u00e4 ajan saatossa Studio Mahdollistus voisi tarjota verkkokursseja, oppaita, kirjoja ja tukimateriaaleja \u2013 asioita, jotka voivat auttaa ihmisi\u00e4 l\u00f6yt\u00e4m\u00e4\u00e4n omat mahdollisuutensa ja vahvuutensa.<\/p>\n\n\n\n<p><strong>Unelmani on, ett\u00e4 Studio Mahdollistus voisi olla tila, jossa ihmiset kokevat tulevansa n\u00e4hdyiksi, kuulluiksi ja kannatelluiksi, ja jossa jokainen voi l\u00f6yt\u00e4\u00e4 oman tapansa kasvaa, oppia ja kukoistaa eri el\u00e4m\u00e4nvaiheissaan.<\/strong><\/p>\n","protected":false},"excerpt":{"rendered":"<p>Studio Mahdollistus syntyi toiveestani voida tukea ihmisi\u00e4 el\u00e4m\u00e4n eri vaiheissa, erityisesti silloin, kun haasteet, rajoitteet tai ep\u00e4varmuus tuntuvat peitt\u00e4v\u00e4n n\u00e4kyvist\u00e4 sen, mik\u00e4 voisi olla mahdollista. Sivusto tarjoaa tietoa, kokemuksia ja konkreettista tukea, jotka auttavat rakentamaan omann\u00e4k\u00f6ist\u00e4, merkityksellist\u00e4 el\u00e4m\u00e4\u00e4 ja ty\u00f6t\u00e4. Se on kuin el\u00e4m\u00e4 itse, kasvava ja muuntuva kokonaisuus ja sin\u00e4 olet tervetullut osaksi t\u00e4t\u00e4 tilaa! Studio Mahdollistus on yht\u00e4 aikaa konkreettinen yritys, henkil\u00f6kohtainen projekti, yhteis\u00f6n verso sek\u00e4 unelma. Taustalla on monialainen asiantuntemus, tutkimuksellinen uteliaisuus ja el\u00e4m\u00e4nkokemus, jotka yhdistyv\u00e4t k\u00e4yt\u00e4nn\u00f6nl\u00e4heiseksi sis\u00e4ll\u00f6ksi. Studio Mahdollistus tuo ty\u00f6el\u00e4m\u00e4yhteyteen hyvinvointiteknologian, koulutuksen, saavutettavuuden, sosiaalisen oikeudenmukaisuuden ja palvelumuotoilun n\u00e4k\u00f6kulmia. Ennen kaikkea haluan kuitenkin kasvattaa inhimillist\u00e4 ymm\u00e4rryst\u00e4 siit\u00e4, mit\u00e4 on el\u00e4\u00e4 mukautusten ja haasteiden kanssa, kuitenkin mahdollisuuksia etsien. Toiveenani on, ett\u00e4 t\u00e4m\u00e4 tila kasvaa kohti yhteis\u00f6\u00e4, jossa jaetaan tarinoita, opitaan yhdess\u00e4 ja tuetaan toisiamme. Haaveenani on, ett\u00e4 ajan saatossa Studio Mahdollistus voisi tarjota verkkokursseja, oppaita, kirjoja ja tukimateriaaleja \u2013 asioita, jotka voivat auttaa ihmisi\u00e4 l\u00f6yt\u00e4m\u00e4\u00e4n omat mahdollisuutensa ja vahvuutensa. Unelmani on, ett\u00e4 Studio Mahdollistus voisi olla tila, jossa ihmiset kokevat tulevansa n\u00e4hdyiksi, kuulluiksi ja kannatelluiksi, ja jossa jokainen voi l\u00f6yt\u00e4\u00e4 oman tapansa kasvaa, oppia ja kukoistaa eri el\u00e4m\u00e4nvaiheissaan.<\/p>\n","protected":false},"author":1,"featured_media":0,"parent":0,"menu_order":0,"comment_status":"closed","ping_status":"closed","template":"","meta":{"footnotes":""},"class_list":["post-2","page","type-page","status-publish","hentry"],"acf":[],"_links":{"self":[{"href":"http:\/\/www.studiomahdollistus.fi\/index.php\/wp-json\/wp\/v2\/pages\/2","targetHints":{"allow":["GET"]}}],"collection":[{"href":"http:\/\/www.studiomahdollistus.fi\/index.php\/wp-json\/wp\/v2\/pages"}],"about":[{"href":"http:\/\/www.studiomahdollistus.fi\/index.php\/wp-json\/wp\/v2\/types\/page"}],"author":[{"embeddable":true,"href":"http:\/\/www.studiomahdollistus.fi\/index.php\/wp-json\/wp\/v2\/users\/1"}],"replies":[{"embeddable":true,"href":"http:\/\/www.studiomahdollistus.fi\/index.php\/wp-json\/wp\/v2\/comments?post=2"}],"version-history":[{"count":2,"href":"http:\/\/www.studiomahdollistus.fi\/index.php\/wp-json\/wp\/v2\/pages\/2\/revisions"}],"predecessor-version":[{"id":43,"href":"http:\/\/www.studiomahdollistus.fi\/index.php\/wp-json\/wp\/v2\/pages\/2\/revisions\/43"}],"wp:attachment":[{"href":"http:\/\/www.studiomahdollistus.fi\/index.php\/wp-json\/wp\/v2\/media?parent=2"}],"curies":[{"name":"wp","href":"https:\/\/api.w.org\/{rel}","templated":true}]}}