{"id":37,"date":"2025-11-04T20:27:23","date_gmt":"2025-11-04T18:27:23","guid":{"rendered":"https:\/\/www.studiomahdollistus.fi\/?page_id=37"},"modified":"2025-11-04T20:37:03","modified_gmt":"2025-11-04T18:37:03","slug":"kartoittamattomilla-poluilla-projekti","status":"publish","type":"page","link":"http:\/\/www.studiomahdollistus.fi\/index.php\/kartoittamattomilla-poluilla-projekti\/","title":{"rendered":"Kartoittamattomilla poluilla -projekti"},"content":{"rendered":"\n<p>Mit\u00e4 tapahtuu, kun ty\u00f6el\u00e4m\u00e4n mallit eiv\u00e4t sovi omaan el\u00e4m\u00e4\u00e4n? Kun polku ei ole suora, vaan kiert\u00e4\u00e4 sivuhaarojen, taukojen ja uusien alkujen kautta?<\/p>\n\n\n\n<p><em>Kartoittamattomilla poluilla<\/em> on kirja- ja tutkimusprojekti, jonka tavoitteena on kertoa rohkaisevia tarinoita henkil\u00f6ist\u00e4 ja ratkaisuista silloin, kun omalle osaamiselle ei tunnu l\u00f6ytyv\u00e4n paikkaa. Kirjan idea perustuu omiin kokemuksiini ja k\u00e4ymiini keskusteluihin muiden sopeutumisen vaikeuksia kohdanneiden, mutta motivoituneiden ihmisten kanssa. Ehk\u00e4 my\u00f6s sin\u00e4 olet joskus j\u00e4\u00e4nyt ulkopuolelle, vaihtanut suuntaa, yhdistellyt osaamista eri suunnista tai etsit viel\u00e4 omaa paikkaasi. Kirja tuo esiin kokemuksia ep\u00e4tyypillisist\u00e4 urapoluista, ulkopuolisuudesta ja haasteista, mutta my\u00f6s toivosta, luovuudesta ja uuden oman n\u00e4k\u00f6isen ty\u00f6n ja tarkoituksen rakentamisesta.<\/p>\n\n\n\n<p>Tarinoiden rinnalla kulkee tutkiva katse ty\u00f6el\u00e4m\u00e4n normeihin ja rakenteisiin. Mit\u00e4 pidet\u00e4\u00e4n ty\u00f6el\u00e4m\u00e4n \u201cnormaalina\u201d? Miten voisimme tunnistaa tilan jokaisen osaamiselle ja muotoilla ty\u00f6el\u00e4m\u00e4\u00e4 uudelleen my\u00f6s siihen astuvia uusia sukupolvia ajatellen? Mit\u00e4 tekij\u00f6it\u00e4 l\u00f6ytyy ulkopuolisuuden kokemuksen taustalta ja miten inkluusiota voitaisiin tukea?<\/p>\n\n\n\n<p>Projekti kutsuu sinut mukaan: ei vain lukijana, vaan osana yhteist\u00e4 keskustelua ja muutosta. Mik\u00e4 on ollut sinun polkusi? Miss\u00e4 tunnet merkityksellisyytt\u00e4?<\/p>\n\n\n\n<p>Kirjaprojektin yhteydess\u00e4 ker\u00e4\u00e4n tutkimusaineistoa ilmi\u00f6n syvemp\u00e4\u00e4 tarkastelua varten, tavoitteena on toteuttaa aineiston pohjalta v\u00e4it\u00f6skirja. Kirja- ja tutkimusprojekti ovat toistaiseksi omakustanteisia, tavoitteena on hankkia niihin tutkimus- ja \/ tai tietokirja-apurahaa projektin edetess\u00e4.<\/p>\n\n\n\n<p>Sivulle on l\u00e4hiaikoina aukeamassa linkki SurveyMonkey-palvelun kautta toteutettuun tutkimuskyselyyn, jonka yhteydess\u00e4 voit ilmoittaa, haluatko olla mukana my\u00f6s kirjaprojektissa. Voit my\u00f6s ilmoittaa kiinnostuksesi haastatteluun, jossa k\u00e4yd\u00e4\u00e4n l\u00e4pi juuri sinun tarinasi tarkemmalla tasolla.<\/p>\n\n\n\n<div class=\"wp-block-buttons is-content-justification-center is-layout-flex wp-container-core-buttons-is-layout-16018d1d wp-block-buttons-is-layout-flex\"><\/div>\n\n\n\n<p>Projektin etenemisest\u00e4 kerron p\u00e4\u00e4asiassa t\u00e4ll\u00e4 sivustolla blogiteksteiss\u00e4, sek\u00e4 niist\u00e4 teht\u00e4vien nostojen kautta sosiaalisen median kanavilla. Ota siis nekin seurantaan!<\/p>\n\n\n\n<p class=\"has-small-font-size\">Kuva <a href=\"https:\/\/pixabay.com\/fi\/users\/camera-man-16096197\/?utm_source=link-attribution&amp;utm_medium=referral&amp;utm_campaign=image&amp;utm_content=7330042\">Sergio Cerrato &#8211; Italia<\/a> <a href=\"https:\/\/pixabay.com\/fi\/\/?utm_source=link-attribution&amp;utm_medium=referral&amp;utm_campaign=image&amp;utm_content=7330042\">Pixabayst\u00e4<\/a><\/p>\n\n\n\n<p><\/p>\n","protected":false},"excerpt":{"rendered":"<p>Mit\u00e4 tapahtuu, kun ty\u00f6el\u00e4m\u00e4n mallit eiv\u00e4t sovi omaan el\u00e4m\u00e4\u00e4n? Kun polku ei ole suora, vaan kiert\u00e4\u00e4 sivuhaarojen, taukojen ja uusien alkujen kautta? Kartoittamattomilla poluilla on kirja- ja tutkimusprojekti, jonka tavoitteena on kertoa rohkaisevia tarinoita henkil\u00f6ist\u00e4 ja ratkaisuista silloin, kun omalle osaamiselle ei tunnu l\u00f6ytyv\u00e4n paikkaa. Kirjan idea perustuu omiin kokemuksiini ja k\u00e4ymiini keskusteluihin muiden sopeutumisen vaikeuksia kohdanneiden, mutta motivoituneiden ihmisten kanssa. Ehk\u00e4 my\u00f6s sin\u00e4 olet joskus j\u00e4\u00e4nyt ulkopuolelle, vaihtanut suuntaa, yhdistellyt osaamista eri suunnista tai etsit viel\u00e4 omaa paikkaasi. Kirja tuo esiin kokemuksia ep\u00e4tyypillisist\u00e4 urapoluista, ulkopuolisuudesta ja haasteista, mutta my\u00f6s toivosta, luovuudesta ja uuden oman n\u00e4k\u00f6isen ty\u00f6n ja tarkoituksen rakentamisesta. Tarinoiden rinnalla kulkee tutkiva katse ty\u00f6el\u00e4m\u00e4n normeihin ja rakenteisiin. Mit\u00e4 pidet\u00e4\u00e4n ty\u00f6el\u00e4m\u00e4n \u201cnormaalina\u201d? Miten voisimme tunnistaa tilan jokaisen osaamiselle ja muotoilla ty\u00f6el\u00e4m\u00e4\u00e4 uudelleen my\u00f6s siihen astuvia uusia sukupolvia ajatellen? Mit\u00e4 tekij\u00f6it\u00e4 l\u00f6ytyy ulkopuolisuuden kokemuksen taustalta ja miten inkluusiota voitaisiin tukea? Projekti kutsuu sinut mukaan: ei vain lukijana, vaan osana yhteist\u00e4 keskustelua ja muutosta. Mik\u00e4 on ollut sinun polkusi? Miss\u00e4 tunnet merkityksellisyytt\u00e4? Kirjaprojektin yhteydess\u00e4 ker\u00e4\u00e4n tutkimusaineistoa ilmi\u00f6n syvemp\u00e4\u00e4 tarkastelua varten, tavoitteena on toteuttaa aineiston pohjalta v\u00e4it\u00f6skirja. Kirja- ja tutkimusprojekti ovat toistaiseksi omakustanteisia, tavoitteena on hankkia niihin tutkimus- ja \/ tai tietokirja-apurahaa projektin edetess\u00e4. Sivulle on l\u00e4hiaikoina aukeamassa linkki SurveyMonkey-palvelun kautta toteutettuun tutkimuskyselyyn, jonka yhteydess\u00e4 voit ilmoittaa, haluatko olla mukana my\u00f6s kirjaprojektissa. Voit my\u00f6s ilmoittaa kiinnostuksesi haastatteluun, jossa k\u00e4yd\u00e4\u00e4n l\u00e4pi juuri sinun tarinasi tarkemmalla tasolla. Projektin etenemisest\u00e4 kerron p\u00e4\u00e4asiassa t\u00e4ll\u00e4 sivustolla blogiteksteiss\u00e4, sek\u00e4 niist\u00e4 teht\u00e4vien nostojen kautta sosiaalisen median kanavilla. Ota siis nekin seurantaan! Kuva Sergio Cerrato &#8211; Italia Pixabayst\u00e4<\/p>\n","protected":false},"author":1,"featured_media":68,"parent":0,"menu_order":0,"comment_status":"closed","ping_status":"closed","template":"","meta":{"footnotes":""},"class_list":["post-37","page","type-page","status-publish","has-post-thumbnail","hentry"],"acf":[],"_links":{"self":[{"href":"http:\/\/www.studiomahdollistus.fi\/index.php\/wp-json\/wp\/v2\/pages\/37","targetHints":{"allow":["GET"]}}],"collection":[{"href":"http:\/\/www.studiomahdollistus.fi\/index.php\/wp-json\/wp\/v2\/pages"}],"about":[{"href":"http:\/\/www.studiomahdollistus.fi\/index.php\/wp-json\/wp\/v2\/types\/page"}],"author":[{"embeddable":true,"href":"http:\/\/www.studiomahdollistus.fi\/index.php\/wp-json\/wp\/v2\/users\/1"}],"replies":[{"embeddable":true,"href":"http:\/\/www.studiomahdollistus.fi\/index.php\/wp-json\/wp\/v2\/comments?post=37"}],"version-history":[{"count":7,"href":"http:\/\/www.studiomahdollistus.fi\/index.php\/wp-json\/wp\/v2\/pages\/37\/revisions"}],"predecessor-version":[{"id":70,"href":"http:\/\/www.studiomahdollistus.fi\/index.php\/wp-json\/wp\/v2\/pages\/37\/revisions\/70"}],"wp:featuredmedia":[{"embeddable":true,"href":"http:\/\/www.studiomahdollistus.fi\/index.php\/wp-json\/wp\/v2\/media\/68"}],"wp:attachment":[{"href":"http:\/\/www.studiomahdollistus.fi\/index.php\/wp-json\/wp\/v2\/media?parent=37"}],"curies":[{"name":"wp","href":"https:\/\/api.w.org\/{rel}","templated":true}]}}